k) = k**3 - 17*k**2 - 18*k - 28. Let t be r(19). Let a = t - 233. What is the hundreds digit of a?
1
Suppose -48*r = -34908 - 28164. What is the hundreds digit of r?
3
Let q(n) = 461*n - 20. What is the units digit of q(2)?
2
Suppose -3*f = 3*n - 886 - 3935, n - 1603 = f. What is the hundreds digit of n?
6
Suppose 0 = 2*b - 3*k + 235, 2*b - 5*k + 114 = b. Let q = b - -203. What is the tens digit of q?
8
Let j = 164 + 3451. What is the thousands digit of j?
3
Let r = -2113 - -4113. What is the thousands digit of r?
2
Let w(i) be the first derivative of i**4/4 - 3*i**3 + i**2/2 + 4*i + 2. Let u = 34 + -25. What is the units digit of w(u)?
3
Let g(h) = -h**3 + 4*h**2 - h - 3. Let n be g(-2). Suppose -x = -n - 63. What is the tens digit of x?
8
Let n = 2514 - 1442. What is the units digit of n?
2
Suppose 0 = -4*w + 2*w + k + 6, 0 = 5*w + 5*k - 30. Suppose 0 = -u + 2*g - 3*g + 79, 4*u = 5*g + 334. Suppose -r = -w*r + u. What is the tens digit of r?
2
Suppose -3*s + 7 + 5 = 0. Suppose b = -b + s. Suppose -b*t = -19 - 13. What is the units digit of t?
6
Let k = -98 - -90. What is the tens digit of (-4990)/(-40) - 10/k?
2
Suppose 3 + 13 = 4*w. Suppose 5*a + 157 = 2*c, w*a + 20 = -0. What is the tens digit of c?
6
Let a = 2589 + -1515. What is the units digit of a?
4
Suppose 44 = 3*t - d, 0 = -t - t - d + 31. Suppose -5*i + 143 = -3*q, -10*i + 7*i = 4*q + 152. Let n = t - q. What is the units digit of n?
6
Let v(a) = a**3 + 17*a**2 + a + 13. Let p be v(-17). What is the units digit of 4 + (-363)/p - 1/(-4)?
5
Suppose 0 = -7*s - 5711 + 14643. What is the units digit of s?
6
Suppose -543 = -4*y - 39. What is the hundreds digit of y?
1
Let l(o) = -3*o - 1. Let b be l(-1). Suppose 0 = b*y + 14 + 18. What is the tens digit of (y - 5)*2/(-2)?
2
Let m(t) = -16*t**2 - t - 3. Let s be m(2). Let c = s - -122. What is the units digit of c?
3
Let k(i) be the second derivative of 7*i**6/120 - i**5/40 + i**4/6 + 7*i**3/6 + 2*i. Let z(b) be the second derivative of k(b). What is the units digit of z(2)?
2
Let q be 16/(-40) - 2/(-5). Suppose -5 = -z - q*z. Suppose z*v = 5*o - 3*o + 116, -3*v + 5*o + 81 = 0. What is the tens digit of v?
2
Let q(p) = 2*p**3 + p + 173. Let t = 24 + -24. What is the tens digit of q(t)?
7
Suppose 4*i + 3*w = -12, 0 = -4*i + 2*w + 2*w - 40. What is the units digit of i/(-30) + (-289)/(-5)?
8
Suppose 6 = -2*u - 22. Let x be (-4)/u + (-455)/49. Let p(o) = o**2 + 7*o - 5. What is the tens digit of p(x)?
1
Suppose -70 = -2*w + w. Suppose 5*c - 2*y - 209 = 24, -2*c - 5*y = -w. What is the tens digit of c?
4
Suppose 0 = -7*u + 10*u - 90. Suppose 25*d + 130 = u*d. What is the tens digit of d?
2
Let v(x) = -3*x + 1. Let u be v(-2). Let y = 32 - u. What is the tens digit of y?
2
Let y(o) = o + 1. Let j(p) = -11*p**2 + 2*p + 9. Let l(b) = -j(b) + 3*y(b). What is the tens digit of l(2)?
4
Let p be ((-656)/12 - 0)*(-18)/4. Suppose -6*g - p = -9*g. What is the tens digit of g?
8
What is the hundreds digit of ((-228)/(-15) + 0)*(53 + 2)?
8
Let z(l) be the first derivative of 15*l**2/2 + 20*l - 13. What is the tens digit of z(6)?
1
Let o be 4/34 - (-2135)/(-85). Let v = o + 98. What is the tens digit of v?
7
Suppose -4 + 1 = 3*t - 3*f, f = -4*t + 11. Suppose 3*l = 4*p + 99, t*p + 81 = 3*l + 4*p. What is the units digit of l?
9
Let z(h) = -11*h - 43. Let t(a) = -10*a - 44. Let j(p) = -3*t(p) + 2*z(p). What is the units digit of j(9)?
8
Suppose 5*c - o = 6644, 2*c - 17*o - 2655 = -14*o. What is the tens digit of c?
2
Let q = 17 + -45. What is the units digit of (-14)/q*2*7?
7
Suppose 20*a + i + 11856 = 22*a, -i = -2. What is the tens digit of a?
2
Let d(j) = -j**3 - 7*j**2 + 4*j - 1. Let m(b) = -b**3 - 7*b**2 - 6*b - 8. Let y be m(-6). Let z be d(y). Let g = -12 + z. What is the tens digit of g?
1
Suppose -2*i = -z - 247 - 192, 0 = z + 5. What is the units digit of i?
7
Let w(y) = -y**2. Let k(f) = 5*f**2 - 3*f + 7. Let r(i) = k(i) + w(i). Let p(g) = g**2 + 2*g + 3. Let l be p(-2). What is the tens digit of r(l)?
3
Let b = -102 + 661. What is the tens digit of b?
5
Let o = 242 - -238. What is the hundreds digit of o?
4
Let x(a) = -5*a**2 - 6*a + 2. Let v be x(-4). Let j = 3 - v. What is the tens digit of j?
5
Let j(r) = 257*r**2 + r. Let l be j(1). What is the tens digit of l/18 - (-3)/(-9)?
1
Suppose -i + 5*p + 396 = -0*i, 4*i = 5*p + 1554. What is the tens digit of i?
8
Suppose -3*d = -4*d + 6. Let k(j) = j**2 + 6 - 3*j - d - 7 - 2*j. What is the tens digit of k(9)?
2
Let y be 121/3 - (-1)/(-3). Let z = y + -19. What is the tens digit of 1*z - (-2 + 1)?
2
What is the hundreds digit of (-3 - -970)*(-16 + 17)?
9
What is the units digit of (-1)/((16/10026)/(-8))?
3
Let h = -14 + 19. Suppose -4*o = -2*o - h*u - 517, -260 = -o + u. Suppose -3*j = 5*b - 177, -4*j - o = -9*j + 3*b. What is the units digit of j?
4
Let y(j) = 5*j + 7. Let u be y(-5). Let k = -34 - u. Let n = 18 + k. What is the units digit of n?
2
Let k be (1 + 2)/((6/4)/(-1)). What is the units digit of (-2)/(2/138*k)?
9
Let v = -3 - -3. Let t(s) = 13*s - 10*s**2 - 2 + s**3 + s**3 + v*s**3 - s**3. What is the tens digit of t(9)?
3
Let g(k) = k**3 - 12*k**2 - 24*k + 20. What is the hundreds digit of g(15)?
3
Let r(k) be the first derivative of 56*k**3/3 - 3*k**2/2 - 2*k - 1. What is the units digit of r(-1)?
7
Let s be ((4/(-2))/2)/(-1). Let k be -1*(-8 + 2 + 9). What is the units digit of s/(-3)*(k + -27)?
0
Let g = 20 + -20. Suppose g = -j - j + 132. What is the tens digit of j?
6
What is the units digit of 5/1 + (-231)/(-3)?
2
Let v be (-20)/15*9/(-6). Let l be v/(-10) + (-21)/(-5). Suppose 29 = -l*j + 109. What is the tens digit of j?
2
Let x = 155 + -117. What is the units digit of x + ((-4)/(-12) - 32/(-12))?
1
Suppose -4*h = 235 - 247, -h - 18392 = -5*t. What is the units digit of t?
9
Let w(y) = 22*y**3 - 2*y**2 + y. Suppose -t + 3*t + 20 = 2*g, 0 = -5*t - 2*g - 50. Let c be 2/t - 12/(-10). What is the units digit of w(c)?
1
Let o(q) = 6 - 8 - q - 4. Let z(m) = m + 7. Let l(j) = 5*o(j) + 6*z(j). What is the tens digit of l(6)?
1
Let a = -360 - -622. What is the hundreds digit of a?
2
Let s be (-85)/(-40) - (-1)/(-8). Suppose k - s = -20. Let h = 45 + k. What is the tens digit of h?
2
Let g(v) = 3*v + 36. Let p be g(-8). What is the units digit of 4 + -5 + p*5?
9
Suppose -7 = 4*u + 3*j, u - j = -3*u + 13. Let o(t) be the third derivative of 5*t**4/24 + t**3/2 + 222*t**2. What is the tens digit of o(u)?
1
Suppose 3*n = r - 2*r + 15, 0 = -4*n - 2*r + 22. Suppose -2*c - 3*c = 3*u + 27, -c - 19 = n*u. Let m = c + 42. What is the tens digit of m?
3
Suppose -c + 3*c = -12. Let r = 10 + c. Suppose -160 = -5*k - r*m + 3*m, 3*k + 2*m - 103 = 0. What is the tens digit of k?
3
Suppose -3*h + 0*v - 10 = -4*v, -v = -4*h + 4. What is the hundreds digit of (38 - 8)/((-1)/(-8)*h)?
1
Suppose 6*k - 3 + 93 = 0. What is the hundreds digit of (-16)/40 + (-1881)/k?
1
Let o(i) = i**3 - 7*i**2 + 4*i + 1. Suppose -c - 1 = -6. Suppose 5*j + 2*a - 17 = 2*j, j = c*a + 17. What is the tens digit of o(j)?
2
Let t(k) = 3*k**3 + 8*k**2 + 3*k. Let f(c) = 4*c**3 + 9*c**2 + 4*c + 1. Let d(a) = -4*f(a) + 5*t(a). Let o = 4 + -1. What is the units digit of d(o)?
2
Let o = -143 - -126. Let c(z) = -12*z + 9. What is the tens digit of c(o)?
1
Suppose -5*f = 4*v + 74, 5*f = 2*v + 3*v - 110. Let w = f - -21. What is the units digit of 12 + 0 + w/(-1)?
9
Let b = -1877 + 2697. What is the tens digit of b?
2
Suppose -17*d + 9918 = -7184. What is the units digit of d?
6
What is the hundreds digit of (0 - 104/3)*(-15)/2?
2
Let o(v) = 7*v**2 - 1. Let a(d) = -2*d + 1 + 3*d - 10. Let y be a(7). What is the units digit of o(y)?
7
Suppose -37 = 11*m + 40. Let y = m - -22. What is the tens digit of y?
1
Let u(z) = 92*z**2 + z + 2. Let q be u(-1). Suppose -3*w + q = 30. What is the units digit of w?
1
Let t(d) = 3*d**2 - 32*d - 27. What is the tens digit of t(28)?
2
Suppose 4*m + f - 16 = 0, 0*f - f + 6 = 2*m. Suppose -2*v - 3*t + 93 = 0, m*v - 6*v + 2*t = -64. What is the tens digit of v - (3 + 3 + -4)?
5
Suppose -30*o = -14247 - 10383. What is the hundreds digit of o?
8
Let y = -239 - -169. Let a be y/(-8) + 5/20. Suppose -a*m + 40 = -4*m. What is the units digit of m?
8
Suppose -16 = 8*t - 56. Suppose t*m - 10*m + 1375 = 0. What is the 